What is m(4)?
-12
Let x(t) = 227*t**2 - 2041*t - 4. Determine x(9).
14
Let g(z) = 15*z**2 + 91*z + 125. Calculate g(-4).
1
Let p(j) = 111*j**2 - 39. Calculate p(0).
-39
Let u(f) = 4*f**2 - 83*f + 10. Calculate u(21).
31
Let b(y) = 114*y + 3500. Determine b(-31).
-34
Let q(i) = -i**3 + 13*i**2 + 19*i + 2. Give q(15).
-163
Let r(t) = t**2 + 11*t - 1028. Calculate r(-38).
-2
Let o(r) = r**3 + 18*r**2 - 86*r + 46. Give o(-22).
2
Let k(n) = 5*n**2 + 71*n + 16. Determine k(-14).
2
Let g(n) = n**3 - 34*n**2 - 133*n + 158. What is g(37)?
-656
Let b(t) = -16*t**2 - 21*t. Calculate b(-4).
-172
Let b(k) = k**3 - 9*k**2 - 34*k - 3. Give b(13).
231
Let t(l) = -l**2 + 14*l + 88. Determine t(19).
-7
Let w(f) = 3*f**3 + 32*f**2 - 8*f + 14. Determine w(-11).
-19
Let t(f) = 3*f**2 - 16*f - 122. Calculate t(-6).
82
Let d(j) = -64*j**3 + 2*j**2 + 7*j + 6. Calculate d(-1).
65
Let t(m) = -59*m - 2167. Calculate t(-37).
16
Let q(v) = -v**3 + 52*v**2 + 73*v - 1002. Determine q(53).
58
Let t(b) = -16*b**2 + 73*b + 9. Give t(7).
-264
Let m(a) = -4*a**2 - 128*a + 18. Give m(-32).
18
Let f(h) = h**3 - 19*h**2 + 31*h - 59. What is f(17)?
-110
Let h(r) = -r**3 - 5*r**2 + 20*r + 9. Determine h(-8).
41
Let j(r) = r**2 + 377*r - 1519. What is j(4)?
5
Let h(a) = -a**3 - 11*a**2 + 52. Determine h(-6).
-128
Let m(y) = 37*y**2 + 244*y + 302. What is m(-5)?
7
Let u(n) = -n**3 - 94*n**2 - 609*n - 39. Determine u(-87).
-39
Let p(y) = 5*y + 729. Calculate p(-85).
304
Let n(a) = -39*a + 2383. Calculate n(67).
-230
Let a(i) = i**3 + 10*i**2 + 22*i - 3. Give a(-6).
9
Let p(n) = -45*n**2 - 2*n + 5. Determine p(2).
-179
Let r(k) = -3*k**3 + 2*k**2 + 4*k - 7. Give r(2).
-15
Let z(b) = -4*b**3 + 15*b**2 - 7*b + 6. Calculate z(3).
12
Let i(y) = -48*y - 101. Calculate i(-6).
187
Let z(r) = -153*r - 1518. Give z(-10).
12
Let z(c) = -6*c**2 - 236*c + 172. Calculate z(-40).
12
Let v(i) = 4*i**2 - 91*i - 54. Calculate v(23).
-31
Let y(a) = -a**3 - 24*a**2 - 16*a + 168. Determine y(-23).
7
Let m(f) = -2*f**2 - 10*f + 8. Give m(8).
-200
Let q(l) = -665*l + 5397. Determine q(8).
77
Let o(t) = -33*t**2 - 13*t + 10. Calculate o(-1).
-10
Let h(k) = -282*k + 239. Give h(2).
-325
Let w(z) = 59*z + 1953. Determine w(-33).
6
Let r(f) = -419*f - 124869. Determine r(-298).
-7
Let a(r) = 109*r + 1279. Calculate a(-11).
80
Let p(u) = -24*u**2 + 51*u - 6. What is p(2)?
0
Let z(y) = 49*y + 1619. Calculate z(-33).
2
Let r(u) = -9*u - 4. Give r(3).
-31
Let v(z) = -z**2 + 7*z - 10. Calculate v(6).
-4
Let a(z) = z**3 + 35*z**2 - 79*z - 152. Determine a(-37).
33
Let j(a) = -178*a + 496. What is j(3)?
-38
Let y(r) = r**2 + r - 35. Give y(5).
-5
Let x(w) = 2*w**3 - 63*w**2 - 40*w + 261. Determine x(32).
5
Let f(n) = 2*n**3 + 4*n**2 - 78*n + 1. Determine f(5).
-39
Let w(p) = p**3 - 2*p**2 - 7*p + 17. Give w(4).
21
Let i(d) = -14*d + 531. Calculate i(40).
-29
Let b(f) = -f**3 + 24*f**2 + 64*f - 418. Determine b(26).
-106
Let m(s) = -36*s - 66. What is m(-5)?
114
Let g(q) = -q**3 + 2*q**2 + 52*q + 12. Give g(-6).
-12
Let o(n) = n**3 - 6*n**2 + 93*n - 342. Give o(4).
-2
Let v(b) = 173*b + 1719. Give v(-10).
-11
Let p(z) = -212*z + 33296. Calculate p(157).
12
Let m(v) = -1652*v - 1701. Determine m(-1).
-49
Let k(x) = 235*x**3 - 5*x**2 + 3*x + 1. Calculate k(1).
234
Let n(c) = -136*c + 218. Give n(3).
-190
Let d(s) = -1025*s + 44064. Give d(43).
-11
Let o(s) = -s**3 + 67*s + 209. Give o(-5).
-1
Let q(a) = 7*a**2 + 2*a - 17. Calculate q(-3).
40
Let q(i) = -i**3 - 8*i**2 - 19*i + 4. Determine q(-4).
16
Let a(z) = -35*z + 710. Give a(21).
-25
Let k(m) = 102*m - 6441. What is k(63)?
-15
Let c(a) = a**3 - 19*a**2 - 15*a - 77. What is c(20)?
23
Let h(j) = 89*j - 2936. Calculate h(33).
1
Let l(s) = 56*s - 3981. Determine l(71).
-5
Let f(v) = 2*v**2 - 785*v + 47385. Determine f(318).
3
Let s(n) = n**3 + 3*n**2 - 11*n - 34. What is s(-7)?
-153
Let o(z) = 73*z + 258. Calculate o(-6).
-180
Let w(d) = -3*d**3 + 24*d**2 + 21*d + 27. Calculate w(9).
-27
Let v(w) = 54*w - 185. Give v(7).
193
Let v(c) = -6*c**2 - 121*c + 130. What is v(-23)?
-261
Let a(c) = 3*c**2 + 60*c + 287. Give a(-14).
35
Let x(q) = -q**2 - 297*q + 3316. What is x(11)?
-72
Let d(t) = 9*t**2 - 146*t + 3. Give d(17).
122
Let q(f) = -f**3 + 3*f**2 - 2*f + 99. Calculate q(0).
99
Let s(n) = 138*n + 1661. What is s(-12)?
5
Let l(p) = p**3 + 30*p**2 - 26*p + 135. What is l(-31)?
-20
Let g(z) = 5*z**2 + 762*z - 1285. What is g(-154)?
-53
Let c(x) = 2*x**3 - 258*x**2 - 270*x + 1239. Give c(130).
-61
Let m(q) = 2*q**2 - 11*q - 456. Determine m(-15).
159
Let l(q) = 9*q**3 + 3*q**2 + 2*q - 3. Determine l(-2).
-67
Let s(u) = -26*u**2 - 287*u + 7. What is s(-12)?
-293
Let f(v) = -v**3 + 98*v**2 - 1866*v - 149. Calculate f(26).
7
Let t(g) = g**3 - 10*g**2 - 252*g + 2578. What is t(10)?
58
Let d(y) = -134*y + 15035. What is d(112)?
27
Let c(k) = -4*k**2 + 53*k - 91. Determine c(9).
62
Let l(y) = 4*y**2 - 7*y - 87. What is l(9)?
174
Let h(y) = 11*y**3 + 7*y**2 - 26*y + 6. Calculate h(2).
70
Let y(n) = n**3 + 18*n**2 - 303*n - 5368. Determine y(-16).
-8
Let x(s) = -2518*s - 45323. Give x(-18).
1
Let m(u) = 3*u**2 + 32*u - 163. What is m(4)?
13
Let x(t) = -9*t - 48. Calculate x(-12).
60
Let x(a) = -14573*a - 116598. Determine x(-8).
-14
Let w(q) = 2*q + 118. Calculate w(47).
212
Let j(f) = -67*f + 708. Give j(10).
38
Let r(n) = 12735*n + 89139. Determine r(-7).
-6
Let q(f) = 72*f - 158. What is q(2)?
-14
Let x(s) = -47*s**2 + s + 12. Give x(3).
-408
Let o(x) = x**2 - 1039*x + 6236. Give o(6).
38
Let f(l) = 6*l**2 - 32*l + 3. Give f(4).
-29
Let o(d) = 3*d**3 - 18*d**2 + 66*d - 611. Calculate o(7).
-2
Let z(d) = -489*d - 14639. What is z(-30)?
31
Let s(t) = -t**2 - 3*t + 198. Determine s(11).
44
Let i(a) = -64*a + 910. Determine i(14).
14
Let f(g) = -42*g**2 - 2*g + 2. Determine f(1).
-42
Let r(t) = t**3 + 43*t**2 - 179*t + 382. Calculate r(-47).
-41
Let q(y) = y**3 - 4*y**2 - 8*y + 8. Determine q(6).
32
Let q(i) = -3*i**3 + 59*i**2 - 40*i + 22. Determine q(19).
-16
Let c(a) = 12*a - 259. Give c(14).
-91
Let y(x) = x**3 - 41*x**2 + 197*x + 20. Calculate y(5).
105
Let u(j) = 4*j + 243. What is u(-28)?
131
Let v(r) = -2*r**2 - 23*r + 64. Calculate v(-12).
52
Let f(i) = -86*i + 1204. Calculate f(19).
-430
Let f(k) = k**3 - 5*k**2 - 53*k + 38. Calculate f(10).
8
Let a(h) = -21*h + 742. Give a(35).
7
Let r(y) = 2*y**3 + 95*y**2 + 886*y - 141. What is r(-13)?
2
Let n(c) = 149*c**2 + 1171*c - 179. Calculate n(-8).
-11
Let b(c) = -c**3 + 22*c**2 + 18*c + 60. Determine b(23).
-55
Let u(y) = -y**3 + 26*y**2 + 227*y - 6626. Give u(24).
-26
Let x(v) = -401*v - 600. Calculate x(-4).
1004
Let u(y) = y**2 - 59*y + 5. Calculate u(-4).
257
Let z(u) = -u**3 - 3*u**2 + 8*u - 2. Determine z(-4).
-18
Let d(a) = 77*a + 15. What is d(3)?
246
Let r(l) = 3*l**2 + 18*l - 612. Give r(18).
684
Let z(i) = -15*i**2 + 1340*i - 437. Give z(89).
8
Let c(m) = -37*m + 36. What is c(5)?
-149
Let r(s) = -386*s**2 + 62*s - 3. Calculate r(1).
-327
Let b(p) = p**3 + 18*p**2 + 40*p + 377. Calculate b(-17).
-14
Let h(k) = k**3 - 27*k**2 + 96*k - 62. Determine h(23).
30
Let q(y) = -687*y - 4888. Determine q(-7).
-79
Let n(s) = -19*s + 69. Calculate n(-8).
221
Let h(n) = 11*n**3 + n**2 + 162*n - 322. Determine h(2).
94
Let r(n) = n**3 - 5*n**2 + 10*n - 15. Determine r(6).
81
Let y(l) = 2*l**3 + 72*l**2 - 604*l + 16. Determine y(7).
2
Let b(z) = -3*z**2 + 334*z + 6. Determine b(0).
6
Let m(f) = -76*f - 226. Calculate m(-6).
230
Let d(t) = -t**2 + 570*t - 6149. Give d(11).
0
Let t(j) = -j**3 - 2*j**2 + 14*j + 57. Calculate t(-5).
62
Let j(p) = p**2 + 37*p + 251. What is j(-28)?
-1
Let t(h) = -2*h**3 - 21*h**2 - 49*h + 7. Give t(-4).
-5
Let k(a) = 857*a + 65131. Determine k(-76).
-1
Let z(s) = -2*s**3 - 17*s**2 + 47*s + 429. Determine z(-5).
19
Let g(n) = -n**2 + 700*n - 6221. Determine g(9).
-2
Let q(n) = -n**3 + 2*n**2 - 7. Calculate q(2).
-7
Let k(a) = -a**3 + 257*a**2 - 760*a - 484. Determine k(254).
24
Let w(i) = 2*i**2 - 52*i - 3. What is w(26)?
-3
Let w(s) = -9*s**2 + 1060*s + 231. Give w(118).
-5
Let r(c) = c**2 - 118*c + 1038. Determine r(108).
-42
Let z(s) = -3*s**3 - 63*s**2 - 73*s - 264. What is z(-20)?
-4
Let v(f) = -f**2 - 31*f + 79. Give v(-34).
-23
Let u(p) = -169*p - 161. Give u(-1).
8
Let b(v) = v**3 - 80*v**2 - 